{"id":2,"date":"2025-01-02T14:41:38","date_gmt":"2025-01-02T13:41:38","guid":{"rendered":""},"modified":"2025-01-02T14:51:00","modified_gmt":"2025-01-02T13:51:00","slug":"beispiel-seite","status":"publish","type":"page","link":"https:\/\/www.bergi.net\/","title":{"rendered":"Willkommen auf meiner Amateurfunk-Website!"},"content":{"rendered":"<p class=\"p1\"><span class=\"s1\">Sch\u00f6n, dass du meine Plattform f\u00fcr Funkbegeisterten besuchst! Ob du ein erfahrener Funkamateur bist oder gerade erst in die spannende Welt des Amateurfunks eintauchst \u2013 hier findest du wertvolle Informationen, Tipps und Ressourcen, die dir auf deiner Reise helfen.<\/span><\/p>\n<p class=\"p1\"><span class=\"s1\">Erkunde die faszinierenden M\u00f6glichkeiten der drahtlosen Kommunikation, lerne neue Techniken und tausche dich mit Gleichgesinnten aus. Mein Ziel ist es, die Amateurfunk-Community zu st\u00e4rken und das Wissen rund um diesen einzigartigen Hobbybereich zu teilen.<\/span><\/p>\n<p>Ich bin Mitglied beim <strong><a href=\"https:\/\/oe3.oevsv.at\/lv3\/bezirksstellen\/adl-328-hollabrunn\/\" target=\"_blank\" rel=\"noopener\">\u00d6VSV<\/a><\/strong> und geh\u00f6re zur ADL328 &#8211; <strong><a href=\"https:\/\/www.oe3xhu.at\/\" target=\"_blank\" rel=\"noopener\">OE3XHU<\/a><\/strong>.<\/p>\n<p>Hier gehts zur <a href=\"https:\/\/www.oe3xhu.at\/\" target=\"_blank\" rel=\"noopener\"><strong>Website der ADL328<\/strong>.<\/a><\/p>\n<p class=\"p1\"><span class=\"s1\">Schau dich um, entdecke unsere Artikel und Foren, und vergiss nicht, dich mit anderen Funkamateuren zu vernetzen. Lass uns gemeinsam die Wellen erobern!<\/span><\/p>\n<p class=\"p1\"><em><strong><span class=\"s1\">73 , OE3RCB, Roland<\/span><\/strong><\/em><\/p>\n<p>Das ist meine Station:<\/p>\n<p>Ich verwende prim\u00e4r eine YAESU FT-991A. Ich habe keinen Verst\u00e4rker. 100 Watt reichen vollkommen aus. Die Antenne ist wichtig. F\u00fcr FT8 arbeite ich nie mit mehr als 5 Watt.<\/p>\n<p>F\u00fcr 10-12 Meter verwende ich eine <strong>Gainmaster 5\/8 Antenne<\/strong> &#8211; Vertikal, f\u00fcr 160 -15m eine <strong>City Windom<\/strong> Langdrahtantenne, f\u00fcr 2m und 70cm eine Diamond X300. Dann habe ich noch eine CRT-6900, eine YEASU FT-747\u00a0 und\u00a0 f\u00fcr den mobilen Einsatz und auf dem Motorboot in der kroatischen Adria eine YAESU FT-891. Schau auf meine Seite <a href=\"https:\/\/www.bergi.net\/?page_id=95\"><strong>&#8222;Funken am Meer&#8220;<\/strong><\/a>.<\/p>\n\n\n<figure class=\"wp-block-image size-full is-resized\"><img loading=\"lazy\" decoding=\"async\" width=\"1024\" height=\"768\" src=\"https:\/\/www.bergi.net\/wp-content\/uploads\/2021\/12\/8CBC45F8-0128-41C1-8E2A-1F0F51B6FA8B_1_105_c.jpeg\" alt=\"\" class=\"wp-image-44\" style=\"width:414px;height:auto\" srcset=\"https:\/\/www.bergi.net\/wp-content\/uploads\/2021\/12\/8CBC45F8-0128-41C1-8E2A-1F0F51B6FA8B_1_105_c.jpeg 1024w, https:\/\/www.bergi.net\/wp-content\/uploads\/2021\/12\/8CBC45F8-0128-41C1-8E2A-1F0F51B6FA8B_1_105_c-300x225.jpeg 300w, https:\/\/www.bergi.net\/wp-content\/uploads\/2021\/12\/8CBC45F8-0128-41C1-8E2A-1F0F51B6FA8B_1_105_c-768x576.jpeg 768w\" sizes=\"auto, (max-width: 1024px) 100vw, 1024px\" \/><\/figure>\n\n\n\n<figure class=\"wp-block-image size-large is-resized\"><img loading=\"lazy\" decoding=\"async\" width=\"768\" height=\"1024\" src=\"https:\/\/www.bergi.net\/wp-content\/uploads\/2025\/01\/Antenne1-768x1024.jpg\" alt=\"\" class=\"wp-image-91\" style=\"width:417px;height:auto\" srcset=\"https:\/\/www.bergi.net\/wp-content\/uploads\/2025\/01\/Antenne1-768x1024.jpg 768w, https:\/\/www.bergi.net\/wp-content\/uploads\/2025\/01\/Antenne1-225x300.jpg 225w, https:\/\/www.bergi.net\/wp-content\/uploads\/2025\/01\/Antenne1.jpg 900w\" sizes=\"auto, (max-width: 768px) 100vw, 768px\" \/><\/figure>\n\n\n\n<p>Weiters besitze ich noch eine 35 Jahre alte President P-1000. Dieses CB Funkger\u00e4t ist ebenfalls noch in Betrieb und zwar im Originalzustand.<\/p>\n\n\n\n<p>Hier geht es zu meiner <a href=\"https:\/\/www.qrz.com\/db\/oe3rcb\">QRZ.<\/a><a href=\"https:\/\/www.qrz.com\/db\/oe3rcb\" target=\"_blank\" rel=\"noreferrer noopener\">com Seite<\/a>.<\/p>\n\n\n\n<div style=\"text-align:center;padding:1em 0;\"> <h3><a style=\"text-decoration:none;\" href=\"https:\/\/www.zeitverschiebung.net\/de\/city\/2761369\"><span style=\"color:gray;\">Aktuelle Uhrzeit \/ Ortszeit<\/span><br \/>Vienna, \u00d6sterreich<\/a><\/h3> <iframe loading=\"lazy\" src=\"https:\/\/www.zeitverschiebung.net\/clock-widget-iframe-v2?language=de&#038;size=medium&#038;timezone=Europe%2FVienna\" width=\"100%\" height=\"115\" frameborder=\"0\" seamless><\/iframe> <small style=\"color:gray;\">&copy; <a href=\"https:\/\/www.zeitzonenrechner.net\/\" style=\"color: gray;\">Zeitzonenrechner<\/a><\/small> <\/div>\n\n\n\n<div style=\"text-align:center;padding:1em 0;\"> <h3><a style=\"text-decoration:none;\" href=\"https:\/\/www.zeitverschiebung.net\/de\/city\/5128581\"><span style=\"color:gray;\">Aktuelle Uhrzeit \/ Ortszeit<\/span><br \/>New York City, Vereinigte Staaten von Amerika (USA)<\/a><\/h3> <iframe loading=\"lazy\" src=\"https:\/\/www.zeitverschiebung.net\/clock-widget-iframe-v2?language=de&#038;size=medium&#038;timezone=America%2FNew_York\" width=\"100%\" height=\"115\" frameborder=\"0\" seamless><\/iframe> <small style=\"color:gray;\">&copy; <a href=\"https:\/\/www.zeitzonenrechner.net\/\" style=\"color: gray;\">Zeitzonenrechner<\/a><\/small> <\/div>\n\n\n\n<div style=\"text-align:center;padding:1em 0;\"> <h3><a style=\"text-decoration:none;\" href=\"https:\/\/www.zeitverschiebung.net\/de\/city\/5368361\"><span style=\"color:gray;\">Aktuelle Uhrzeit \/ Ortszeit<\/span><br \/>Los Angeles, Vereinigte Staaten von Amerika (USA)<\/a><\/h3> <iframe loading=\"lazy\" src=\"https:\/\/www.zeitverschiebung.net\/clock-widget-iframe-v2?language=de&#038;size=medium&#038;timezone=America%2FLos_Angeles\" width=\"100%\" height=\"115\" frameborder=\"0\" seamless><\/iframe> <small style=\"color:gray;\">&copy; <a href=\"https:\/\/www.zeitzonenrechner.net\/\" style=\"color: gray;\">Zeitzonenrechner<\/a><\/small> <\/div>\n\n\n\n<div style=\"text-align:center;padding:1em 0;\"> <h3><a style=\"text-decoration:none;\" href=\"https:\/\/www.zeitverschiebung.net\/de\/city\/1816670\"><span style=\"color:gray;\">Aktuelle Uhrzeit \/ Ortszeit<\/span><br \/>Beijing, China<\/a><\/h3> <iframe loading=\"lazy\" src=\"https:\/\/www.zeitverschiebung.net\/clock-widget-iframe-v2?language=de&#038;size=medium&#038;timezone=Asia%2FShanghai\" width=\"100%\" height=\"115\" frameborder=\"0\" seamless><\/iframe> <small style=\"color:gray;\">&copy; <a href=\"https:\/\/www.zeitzonenrechner.net\/\" style=\"color: gray;\">Zeitzonenrechner<\/a><\/small> <\/div>\n\n\n\n<div style=\"text-align:center;padding:1em 0;\"> <h3><a style=\"text-decoration:none;\" href=\"https:\/\/www.zeitverschiebung.net\/de\/city\/1880252\"><span style=\"color:gray;\">Aktuelle Uhrzeit \/ Ortszeit<\/span><br \/>Singapore, Singapur<\/a><\/h3> <iframe loading=\"lazy\" src=\"https:\/\/www.zeitverschiebung.net\/clock-widget-iframe-v2?language=de&#038;size=medium&#038;timezone=Asia%2FSingapore\" width=\"100%\" height=\"115\" frameborder=\"0\" seamless><\/iframe> <small style=\"color:gray;\">&copy; <a href=\"https:\/\/www.zeitzonenrechner.net\/\" style=\"color: gray;\">Zeitzonenrechner<\/a><\/small> <\/div>\n\n\n\n<div style=\"text-align:center;padding:1em 0;\"> <h3><a style=\"text-decoration:none;\" href=\"https:\/\/www.zeitverschiebung.net\/de\/city\/2193733\"><span style=\"color:gray;\">Aktuelle Uhrzeit \/ Ortszeit<\/span><br \/>Auckland, Neuseeland<\/a><\/h3> <iframe loading=\"lazy\" src=\"https:\/\/www.zeitverschiebung.net\/clock-widget-iframe-v2?language=de&#038;size=medium&#038;timezone=Pacific%2FAuckland\" width=\"100%\" height=\"115\" frameborder=\"0\" seamless><\/iframe> <small style=\"color:gray;\">&copy; <a href=\"https:\/\/www.zeitzonenrechner.net\/\" style=\"color: gray;\">Zeitzonenrechner<\/a><\/small> <\/div>\n","protected":false},"excerpt":{"rendered":"<p>Sch\u00f6n, dass du meine Plattform f\u00fcr Funkbegeisterten besuchst! Ob du ein erfahrener Funkamateur bist oder gerade erst in die spannende Welt des Amateurfunks eintauchst \u2013 hier findest du wertvoll","protected":false},"author":1,"featured_media":9,"parent":0,"menu_order":0,"comment_status":"closed","ping_status":"open","template":"","meta":{"footnotes":""},"class_list":["post-2","page","type-page","status-publish","has-post-thumbnail","hentry"],"_links":{"self":[{"href":"https:\/\/www.bergi.net\/index.php?rest_route=\/wp\/v2\/pages\/2","targetHints":{"allow":["GET"]}}],"collection":[{"href":"https:\/\/www.bergi.net\/index.php?rest_route=\/wp\/v2\/pages"}],"about":[{"href":"https:\/\/www.bergi.net\/index.php?rest_route=\/wp\/v2\/types\/page"}],"author":[{"embeddable":true,"href":"https:\/\/www.bergi.net\/index.php?rest_route=\/wp\/v2\/users\/1"}],"replies":[{"embeddable":true,"href":"https:\/\/www.bergi.net\/index.php?rest_route=%2Fwp%2Fv2%2Fcomments&post=2"}],"version-history":[{"count":24,"href":"https:\/\/www.bergi.net\/index.php?rest_route=\/wp\/v2\/pages\/2\/revisions"}],"predecessor-version":[{"id":135,"href":"https:\/\/www.bergi.net\/index.php?rest_route=\/wp\/v2\/pages\/2\/revisions\/135"}],"wp:featuredmedia":[{"embeddable":true,"href":"https:\/\/www.bergi.net\/index.php?rest_route=\/wp\/v2\/media\/9"}],"wp:attachment":[{"href":"https:\/\/www.bergi.net\/index.php?rest_route=%2Fwp%2Fv2%2Fmedia&parent=2"}],"curies":[{"name":"wp","href":"https:\/\/api.w.org\/{rel}","templated":true}]}}